{"id":1352,"date":"2022-12-02T21:43:55","date_gmt":"2022-12-02T21:43:55","guid":{"rendered":"https:\/\/dogwearstore.hu\/?post_type=product&#038;p=1352"},"modified":"2023-01-11T12:47:38","modified_gmt":"2023-01-11T12:47:38","slug":"semmi-nem-ved-meg-baseball-pulover","status":"publish","type":"product","link":"https:\/\/divi.dogwearstore.hu\/index.php\/termek\/semmi-nem-ved-meg-baseball-pulover\/","title":{"rendered":"Semmi nem v\u00e9d meg baseball pul\u00f3ver"},"content":{"rendered":"\t\t<div data-elementor-type=\"product-post\" data-elementor-id=\"1352\" class=\"elementor elementor-1352\">\n\t\t\t\t\t\t\t\t\t<section class=\"elementor-section elementor-top-section elementor-element elementor-element-395c8c78 elementor-section-boxed elementor-section-height-default elementor-section-height-default\" data-id=\"395c8c78\" data-element_type=\"section\">\n\t\t\t\t\t\t<div class=\"elementor-container elementor-column-gap-default\">\n\t\t\t\t\t<div class=\"elementor-column elementor-col-100 elementor-top-column elementor-element elementor-element-1862a029\" data-id=\"1862a029\" data-element_type=\"column\">\n\t\t\t<div class=\"elementor-widget-wrap elementor-element-populated\">\n\t\t\t\t\t\t\t\t<div class=\"elementor-element elementor-element-4b66778e elementor-widget elementor-widget-text-editor\" data-id=\"4b66778e\" data-element_type=\"widget\" data-widget_type=\"text-editor.default\">\n\t\t\t\t<div class=\"elementor-widget-container\">\n\t\t\t<style>\/*! elementor - v3.8.1 - 13-11-2022 *\/\n.elementor-widget-text-editor.elementor-drop-cap-view-stacked .elementor-drop-cap{background-color:#818a91;color:#fff}.elementor-widget-text-editor.elementor-drop-cap-view-framed .elementor-drop-cap{color:#818a91;border:3px solid;background-color:transparent}.elementor-widget-text-editor:not(.elementor-drop-cap-view-default) .elementor-drop-cap{margin-top:8px}.elementor-widget-text-editor:not(.elementor-drop-cap-view-default) .elementor-drop-cap-letter{width:1em;height:1em}.elementor-widget-text-editor .elementor-drop-cap{float:left;text-align:center;line-height:1;font-size:50px}.elementor-widget-text-editor .elementor-drop-cap-letter{display:inline-block}<\/style>\t\t\t\t<p>&lt;a href=&#8221;https:\/\/dogwearstore.hu\/index.php\/merettablazat\/&#8221; style=&#8221;color:#e20404; target=&#8221;_blank&#8221;&gt;M\u00e9rett\u00e1bl\u00e1zat.&lt;\/a&gt;<\/p>\t\t\t\t\t\t<\/div>\n\t\t\t\t<\/div>\n\t\t\t\t\t<\/div>\n\t\t<\/div>\n\t\t\t\t\t\t\t<\/div>\n\t\t<\/section>\n\t\t\t\t\t\t\t<\/div>\n\t\t","protected":false},"excerpt":{"rendered":"<p><span data-sheets-value=\"{&quot;1&quot;:2,&quot;2&quot;:&quot;\u2022 Anyag: 70% pamut, 30% poli\u00e9szter&quot;}\" data-sheets-userformat=\"{&quot;2&quot;:641,&quot;3&quot;:{&quot;1&quot;:0},&quot;10&quot;:1,&quot;12&quot;:0}\"><strong>\u00d6lt\u00f6zz a D\u00d6GL\u00c9GY \u00e1ltal tervezett legmen\u0151bb cuccokba!<\/strong><br \/>\nAz ikonikuss\u00e1 v\u00e1lt D\u00d6GWEAR m\u00e1rka darabjai h\u0171en t\u00fckr\u00f6zik a Hardcore Lifestyle \u00e9let\u00e9rz\u00e9st. Szerezd be az \u00faj kollekci\u00f3 legjobban hozz\u00e1d ill\u0151 term\u00e9keit \u00e9s l\u00e9gy a kem\u00e9nymag r\u00e9sze!<\/span><\/p>\n<p>\u2022 Anyag: 70% pamut, 30% poli\u00e9szter<\/p>\n<p><a href=\"https:\/\/divi.dogwearstore.hu\/index.php\/1602-2\/\" target=\"_blank\" rel=\"noopener\"><strong>M\u00e9rett\u00e1bl\u00e1zat<\/strong><\/a><\/p>\n","protected":false},"featured_media":1070,"template":"","meta":[],"product_cat":[54,67,18],"product_tag":[],"class_list":["post-1352","product","type-product","status-publish","has-post-thumbnail","hentry","product_cat-baseball-pulover","product_cat-osszes-termek","product_cat-puloverek"],"_links":{"self":[{"href":"https:\/\/divi.dogwearstore.hu\/index.php\/wp-json\/wp\/v2\/product\/1352","targetHints":{"allow":["GET"]}}],"collection":[{"href":"https:\/\/divi.dogwearstore.hu\/index.php\/wp-json\/wp\/v2\/product"}],"about":[{"href":"https:\/\/divi.dogwearstore.hu\/index.php\/wp-json\/wp\/v2\/types\/product"}],"version-history":[{"count":9,"href":"https:\/\/divi.dogwearstore.hu\/index.php\/wp-json\/wp\/v2\/product\/1352\/revisions"}],"predecessor-version":[{"id":1637,"href":"https:\/\/divi.dogwearstore.hu\/index.php\/wp-json\/wp\/v2\/product\/1352\/revisions\/1637"}],"wp:featuredmedia":[{"embeddable":true,"href":"https:\/\/divi.dogwearstore.hu\/index.php\/wp-json\/wp\/v2\/media\/1070"}],"wp:attachment":[{"href":"https:\/\/divi.dogwearstore.hu\/index.php\/wp-json\/wp\/v2\/media?parent=1352"}],"wp:term":[{"taxonomy":"product_cat","embeddable":true,"href":"https:\/\/divi.dogwearstore.hu\/index.php\/wp-json\/wp\/v2\/product_cat?post=1352"},{"taxonomy":"product_tag","embeddable":true,"href":"https:\/\/divi.dogwearstore.hu\/index.php\/wp-json\/wp\/v2\/product_tag?post=1352"}],"curies":[{"name":"wp","href":"https:\/\/api.w.org\/{rel}","templated":true}]}}